{"id":6566,"date":"2020-11-09T10:22:03","date_gmt":"2020-11-09T10:22:03","guid":{"rendered":"https:\/\/framtidenskarriar.se\/itdata\/?page_id=6566"},"modified":"2020-11-09T10:22:04","modified_gmt":"2020-11-09T10:22:04","slug":"integritetspolicy","status":"publish","type":"page","link":"https:\/\/framtidenskarriar.se\/itdata\/integritetspolicy\/","title":{"rendered":"Integritetspolicy"},"content":{"rendered":"\n<h3 class=\"wp-block-heading\"><br>1. Cookies<\/h3>\n\n\n\n<p><strong>1.1 Google Ana\u00adlyt\u00adics<br><\/strong>Vi anv\u00e4nder oss av sta\u00adtis\u00adtikverk\u00adtyget Google Analytics vars cookie sam\u00adlar infor\u00adma\u00adtion om hur du surfar runt p\u00e5 v\u00e5r webb\u00adplats.<\/p>\n\n\n\n<p><strong>1.2 Syfte<\/strong><br>Syftet \u00e4r att se vilket inneh\u00e5ll som \u00e4r pop\u00adul\u00e4rt bland v\u00e5ra bes\u00f6kare. Sta\u00adtis\u00adtikverk\u00adtygets cook\u00adie inneh\u00e5ller ingen infor\u00adma\u00adtion om vem du \u00e4r. Vi kan inte iden\u00adti\u00adfiera dig.H\u00e4r kan du l\u00e4sa mer om hur Google anv\u00e4nder information fr\u00e5n webbplatser som anv\u00e4nder deras tj\u00e4nster: <a rel=\"noreferrer noopener\" href=\"https:\/\/policies.google.com\/technologies\/partner-sites\" title=\"Cookies Google mer information\" target=\"_blank\">https:\/\/policies.google.com\/technologies\/partner-sites<\/a><strong><br><br>1.3 Samtycke<br><\/strong>\u00c4r din web\u00adbl\u00e4sare inst\u00e4lld p\u00e5 att till\u00e5\u00adta cook\u00adies har du l\u00e4m\u00adnat ditt sam\u00adty\u00adcke till att vi plac\u00ader\u00adar cook\u00adies p\u00e5 din dator. Du kan ta till\u00adba\u00adka ditt sam\u00adty\u00adcke genom att \u00e4ndra inst\u00e4ll\u00adningar i&nbsp;webbl\u00e4saren.<strong><br><br>1.4 Hur du st\u00e4nger av Cookies i webbl\u00e4saren<br><br><\/strong>Google Chrome<br>Guide: <a rel=\"noreferrer noopener\" href=\"https:\/\/support.google.com\/%E2%80%8Bc%E2%80%8Bh%E2%80%8Br%E2%80%8Bo%E2%80%8Bm%E2%80%8Be%E2%80%8B\/%E2%80%8Ba%E2%80%8Bn%E2%80%8Bs%E2%80%8Bw%E2%80%8Be%E2%80%8Br%E2%80%8B\/%E2%80%8B9%E2%80%8B5%E2%80%8B6%E2%80%8B4%E2%80%8B7%E2%80%8B?%E2%80%8Bhl=sv\" title=\"Cookies off Google\" target=\"_blank\">https:\/\/\u200bsup\u200bport\u200b.google\u200b.com\/\u200bc\u200bh\u200br\u200bo\u200bm\u200be\u200b\/\u200ba\u200bn\u200bs\u200bw\u200be\u200br\u200b\/\u200b9\u200b5\u200b6\u200b4\u200b7\u200b?\u200bhl=sv<\/a><\/p>\n\n\n\n<p>Safari<br>Guide: <a rel=\"noreferrer noopener\" href=\"https:\/\/support.apple.com\/sv-se\/guide\/safari\/sfri11471\/mac\" title=\"Cookies off Safari\" target=\"_blank\">https:\/\/support.apple.com\/sv-se\/guide\/safari\/sfri11471\/mac<\/a><\/p>\n\n\n\n<p>Microsoft Edge<br>Guide: <a rel=\"noreferrer noopener\" href=\"http:\/\/windows.microsoft.com\/%E2%80%8Bs%E2%80%8Bv%E2%80%8B-%E2%80%8Bs%E2%80%8Be%E2%80%8B\/%E2%80%8Bw%E2%80%8Bi%E2%80%8Bn%E2%80%8Bd%E2%80%8Bo%E2%80%8Bw%E2%80%8Bs%E2%80%8B-%E2%80%8B1%E2%80%8B0%E2%80%8B\/%E2%80%8Be%E2%80%8Bd%E2%80%8Bg%E2%80%8Be%E2%80%8B-%E2%80%8Bp%E2%80%8Br%E2%80%8Bi%E2%80%8Bv%E2%80%8Ba%E2%80%8Bc%E2%80%8By-faq\" title=\"Cookies off Edge\" target=\"_blank\">http:\/\/\u200bwin\u200bdows\u200b.microsoft\u200b.com\/\u200bs\u200bv\u200b-\u200bs\u200be\u200b\/\u200bw\u200bi\u200bn\u200bd\u200bo\u200bw\u200bs\u200b-\u200b1\u200b0\u200b\/\u200be\u200bd\u200bg\u200be\u200b-\u200bp\u200br\u200bi\u200bv\u200ba\u200bc\u200by-faq<\/a><\/p>\n\n\n\n<p>Mozilla Fire\u00adfox<br>Guide: <a rel=\"noreferrer noopener\" href=\"https:\/\/support.mozilla.org\/sv\/kb\/Blockera%20kakor\" title=\"Cookies off Firefox\" target=\"_blank\">https:\/\/support.mozilla.org\/sv\/kb\/Blockera%20kakor<\/a><\/p>\n\n\n\n<h3 class=\"wp-block-heading\">2. GDPR<\/h3>\n\n\n\n<p>I och med den nya GDPR-lagstiftningen ber vi att kontakta oss om ni inte \u00f6nskar denna tidning tillskickad, delta i v\u00e5ra unders\u00f6kningar eller p\u00e5 annat s\u00e4tt informeras om inneh\u00e5llet. Maila till\u00a0<a title=\"GDPR mail\" href=\"mailto:GDPR@nextmedia.se\">GDPR@nextmedia.se<\/a>\u00a0f\u00f6r att avregistrera er. Ange att det g\u00e4ller tidningen Framtidens Karri\u00e4r \u2013 IT &amp; Data.<\/p>\n","protected":false},"excerpt":{"rendered":"<p>1. Cookies 1.1 Google Ana\u00adlyt\u00adicsVi anv\u00e4nder oss av sta\u00adtis\u00adtikverk\u00adtyget Google Analytics vars cookie sam\u00adlar infor\u00adma\u00adtion&#8230;<\/p>\n","protected":false},"author":2,"featured_media":0,"parent":0,"menu_order":0,"comment_status":"closed","ping_status":"closed","template":"","meta":{"_acf_changed":false,"_monsterinsights_skip_tracking":false,"_monsterinsights_sitenote_active":false,"_monsterinsights_sitenote_note":"","_monsterinsights_sitenote_category":0,"footnotes":""},"class_list":["post-6566","page","type-page","status-publish","hentry"],"acf":[],"yoast_head":"<!-- This site is optimized with the Yoast SEO plugin v27.3 - https:\/\/yoast.com\/product\/yoast-seo-wordpress\/ -->\n<title>Integritetspolicy - Framtidens karri\u00e4r IT &amp; Data<\/title>\n<meta name=\"robots\" content=\"index, follow, max-snippet:-1, max-image-preview:large, max-video-preview:-1\" \/>\n<link rel=\"canonical\" href=\"https:\/\/framtidenskarriar.se\/itdata\/integritetspolicy\/\" \/>\n<meta property=\"og:locale\" content=\"sv_SE\" \/>\n<meta property=\"og:type\" content=\"article\" \/>\n<meta property=\"og:title\" content=\"Integritetspolicy - Framtidens karri\u00e4r IT &amp; Data\" \/>\n<meta property=\"og:description\" content=\"1. Cookies 1.1 Google Ana\u00adlyt\u00adicsVi anv\u00e4nder oss av sta\u00adtis\u00adtikverk\u00adtyget Google Analytics vars cookie sam\u00adlar infor\u00adma\u00adtion...\" \/>\n<meta property=\"og:url\" content=\"https:\/\/framtidenskarriar.se\/itdata\/integritetspolicy\/\" \/>\n<meta property=\"og:site_name\" content=\"Framtidens karri\u00e4r IT &amp; Data\" \/>\n<meta property=\"article:modified_time\" content=\"2020-11-09T10:22:04+00:00\" \/>\n<meta property=\"og:image\" content=\"https:\/\/framtidenskarriar.se\/itdata\/wp-content\/uploads\/sites\/13\/2025\/02\/karriar-itdata-se-fb-2025.jpg\" \/>\n\t<meta property=\"og:image:width\" content=\"1200\" \/>\n\t<meta property=\"og:image:height\" content=\"675\" \/>\n\t<meta property=\"og:image:type\" content=\"image\/jpeg\" \/>\n<meta name=\"twitter:card\" content=\"summary_large_image\" \/>\n<meta name=\"twitter:label1\" content=\"Ber\u00e4knad l\u00e4stid\" \/>\n\t<meta name=\"twitter:data1\" content=\"1 minut\" \/>\n<script type=\"application\/ld+json\" class=\"yoast-schema-graph\">{\"@context\":\"https:\\\/\\\/schema.org\",\"@graph\":[{\"@type\":\"WebPage\",\"@id\":\"https:\\\/\\\/framtidenskarriar.se\\\/itdata\\\/integritetspolicy\\\/\",\"url\":\"https:\\\/\\\/framtidenskarriar.se\\\/itdata\\\/integritetspolicy\\\/\",\"name\":\"Integritetspolicy - Framtidens karri\u00e4r IT & Data\",\"isPartOf\":{\"@id\":\"https:\\\/\\\/framtidenskarriar.se\\\/itdata\\\/#website\"},\"datePublished\":\"2020-11-09T10:22:03+00:00\",\"dateModified\":\"2020-11-09T10:22:04+00:00\",\"breadcrumb\":{\"@id\":\"https:\\\/\\\/framtidenskarriar.se\\\/itdata\\\/integritetspolicy\\\/#breadcrumb\"},\"inLanguage\":\"sv-SE\",\"potentialAction\":[{\"@type\":\"ReadAction\",\"target\":[\"https:\\\/\\\/framtidenskarriar.se\\\/itdata\\\/integritetspolicy\\\/\"]}]},{\"@type\":\"BreadcrumbList\",\"@id\":\"https:\\\/\\\/framtidenskarriar.se\\\/itdata\\\/integritetspolicy\\\/#breadcrumb\",\"itemListElement\":[{\"@type\":\"ListItem\",\"position\":1,\"name\":\"Home\",\"item\":\"https:\\\/\\\/framtidenskarriar.se\\\/itdata\\\/\"},{\"@type\":\"ListItem\",\"position\":2,\"name\":\"Integritetspolicy\"}]},{\"@type\":\"WebSite\",\"@id\":\"https:\\\/\\\/framtidenskarriar.se\\\/itdata\\\/#website\",\"url\":\"https:\\\/\\\/framtidenskarriar.se\\\/itdata\\\/\",\"name\":\"Framtidens karri\u00e4r IT & Data\",\"description\":\"Just another NMDashboard.se Sites site\",\"potentialAction\":[{\"@type\":\"SearchAction\",\"target\":{\"@type\":\"EntryPoint\",\"urlTemplate\":\"https:\\\/\\\/framtidenskarriar.se\\\/itdata\\\/?s={search_term_string}\"},\"query-input\":{\"@type\":\"PropertyValueSpecification\",\"valueRequired\":true,\"valueName\":\"search_term_string\"}}],\"inLanguage\":\"sv-SE\"}]}<\/script>\n<!-- \/ Yoast SEO plugin. -->","yoast_head_json":{"title":"Integritetspolicy - Framtidens karri\u00e4r IT & Data","robots":{"index":"index","follow":"follow","max-snippet":"max-snippet:-1","max-image-preview":"max-image-preview:large","max-video-preview":"max-video-preview:-1"},"canonical":"https:\/\/framtidenskarriar.se\/itdata\/integritetspolicy\/","og_locale":"sv_SE","og_type":"article","og_title":"Integritetspolicy - Framtidens karri\u00e4r IT & Data","og_description":"1. Cookies 1.1 Google Ana\u00adlyt\u00adicsVi anv\u00e4nder oss av sta\u00adtis\u00adtikverk\u00adtyget Google Analytics vars cookie sam\u00adlar infor\u00adma\u00adtion...","og_url":"https:\/\/framtidenskarriar.se\/itdata\/integritetspolicy\/","og_site_name":"Framtidens karri\u00e4r IT & Data","article_modified_time":"2020-11-09T10:22:04+00:00","og_image":[{"width":1200,"height":675,"url":"https:\/\/framtidenskarriar.se\/itdata\/wp-content\/uploads\/sites\/13\/2025\/02\/karriar-itdata-se-fb-2025.jpg","type":"image\/jpeg"}],"twitter_card":"summary_large_image","twitter_misc":{"Ber\u00e4knad l\u00e4stid":"1 minut"},"schema":{"@context":"https:\/\/schema.org","@graph":[{"@type":"WebPage","@id":"https:\/\/framtidenskarriar.se\/itdata\/integritetspolicy\/","url":"https:\/\/framtidenskarriar.se\/itdata\/integritetspolicy\/","name":"Integritetspolicy - Framtidens karri\u00e4r IT & Data","isPartOf":{"@id":"https:\/\/framtidenskarriar.se\/itdata\/#website"},"datePublished":"2020-11-09T10:22:03+00:00","dateModified":"2020-11-09T10:22:04+00:00","breadcrumb":{"@id":"https:\/\/framtidenskarriar.se\/itdata\/integritetspolicy\/#breadcrumb"},"inLanguage":"sv-SE","potentialAction":[{"@type":"ReadAction","target":["https:\/\/framtidenskarriar.se\/itdata\/integritetspolicy\/"]}]},{"@type":"BreadcrumbList","@id":"https:\/\/framtidenskarriar.se\/itdata\/integritetspolicy\/#breadcrumb","itemListElement":[{"@type":"ListItem","position":1,"name":"Home","item":"https:\/\/framtidenskarriar.se\/itdata\/"},{"@type":"ListItem","position":2,"name":"Integritetspolicy"}]},{"@type":"WebSite","@id":"https:\/\/framtidenskarriar.se\/itdata\/#website","url":"https:\/\/framtidenskarriar.se\/itdata\/","name":"Framtidens karri\u00e4r IT & Data","description":"Just another NMDashboard.se Sites site","potentialAction":[{"@type":"SearchAction","target":{"@type":"EntryPoint","urlTemplate":"https:\/\/framtidenskarriar.se\/itdata\/?s={search_term_string}"},"query-input":{"@type":"PropertyValueSpecification","valueRequired":true,"valueName":"search_term_string"}}],"inLanguage":"sv-SE"}]}},"_links":{"self":[{"href":"https:\/\/framtidenskarriar.se\/itdata\/wp-json\/wp\/v2\/pages\/6566","targetHints":{"allow":["GET"]}}],"collection":[{"href":"https:\/\/framtidenskarriar.se\/itdata\/wp-json\/wp\/v2\/pages"}],"about":[{"href":"https:\/\/framtidenskarriar.se\/itdata\/wp-json\/wp\/v2\/types\/page"}],"author":[{"embeddable":true,"href":"https:\/\/framtidenskarriar.se\/itdata\/wp-json\/wp\/v2\/users\/2"}],"replies":[{"embeddable":true,"href":"https:\/\/framtidenskarriar.se\/itdata\/wp-json\/wp\/v2\/comments?post=6566"}],"version-history":[{"count":1,"href":"https:\/\/framtidenskarriar.se\/itdata\/wp-json\/wp\/v2\/pages\/6566\/revisions"}],"predecessor-version":[{"id":6567,"href":"https:\/\/framtidenskarriar.se\/itdata\/wp-json\/wp\/v2\/pages\/6566\/revisions\/6567"}],"wp:attachment":[{"href":"https:\/\/framtidenskarriar.se\/itdata\/wp-json\/wp\/v2\/media?parent=6566"}],"curies":[{"name":"wp","href":"https:\/\/api.w.org\/{rel}","templated":true}]}}